{"version":"1.0","provider_name":"Vivre le p\u00e8lerinage de Lourdes","provider_url":"https:\/\/www.lourdes-france.com\/pt-br\/","author_name":"freddymengelle","author_url":"https:\/\/www.lourdes-france.com\/pt-br\/author\/freddymengelle\/","title":"Jovens em Lourdes","type":"rich","width":600,"height":338,"html":"<blockquote class=\"wp-embedded-content\" data-secret=\"inFgFbQzAA\"><a href=\"https:\/\/www.lourdes-france.com\/pt-br\/jovens-em-lourdes\/\">Jovens em Lourdes<\/a><\/blockquote><iframe sandbox=\"allow-scripts\" security=\"restricted\" src=\"https:\/\/www.lourdes-france.com\/pt-br\/jovens-em-lourdes\/embed\/#?secret=inFgFbQzAA\" width=\"600\" height=\"338\" title=\"&#8220;Jovens em Lourdes&#8221; &#8212; Vivre le p\u00e8lerinage de Lourdes\" data-secret=\"inFgFbQzAA\" frameborder=\"0\" marginwidth=\"0\" marginheight=\"0\" scrolling=\"no\" class=\"wp-embedded-content\"><\/iframe><script type=\"text\/javascript\">\n\/* <![CDATA[ *\/\n\/*! This file is auto-generated *\/\n!function(d,l){\"use strict\";l.querySelector&&d.addEventListener&&\"undefined\"!=typeof URL&&(d.wp=d.wp||{},d.wp.receiveEmbedMessage||(d.wp.receiveEmbedMessage=function(e){var t=e.data;if((t||t.secret||t.message||t.value)&&!\/[^a-zA-Z0-9]\/.test(t.secret)){for(var s,r,n,a=l.querySelectorAll('iframe[data-secret=\"'+t.secret+'\"]'),o=l.querySelectorAll('blockquote[data-secret=\"'+t.secret+'\"]'),c=new RegExp(\"^https?:$\",\"i\"),i=0;i<o.length;i++)o[i].style.display=\"none\";for(i=0;i<a.length;i++)s=a[i],e.source===s.contentWindow&&(s.removeAttribute(\"style\"),\"height\"===t.message?(1e3<(r=parseInt(t.value,10))?r=1e3:~~r<200&&(r=200),s.height=r):\"link\"===t.message&&(r=new URL(s.getAttribute(\"src\")),n=new URL(t.value),c.test(n.protocol))&&n.host===r.host&&l.activeElement===s&&(d.top.location.href=t.value))}},d.addEventListener(\"message\",d.wp.receiveEmbedMessage,!1),l.addEventListener(\"DOMContentLoaded\",function(){for(var e,t,s=l.querySelectorAll(\"iframe.wp-embedded-content\"),r=0;r<s.length;r++)(t=(e=s[r]).getAttribute(\"data-secret\"))||(t=Math.random().toString(36).substring(2,12),e.src+=\"#?secret=\"+t,e.setAttribute(\"data-secret\",t)),e.contentWindow.postMessage({message:\"ready\",secret:t},\"*\")},!1)))}(window,document);\n\/* ]]> *\/\n<\/script>\n","description":"Jeunes \u00e0 Lourdes \u00ab\u00a0Boulet aoue la gracia de bi\u00e9 aci penden quinze dias\u00a0?\u00a0\u00bb\u00ab\u00a0Voulez vous avoir la gr\u00e2ce de venir ici pendant quinze jours\u00a0? La pastorale des jeunes est ravie de vous accueillir\u2026 et l\u2019\u00e9quipe est pr\u00eate \u00e0 vous accompagner dans &hellip; Conte\u00fado","thumbnail_url":"https:\/\/www.lourdes-france.com\/wp-content\/uploads\/2021\/12\/vignette_jeunes_a_Lourdes_1920x1080_img.jpg","thumbnail_width":1920,"thumbnail_height":1080}

Vivre le pèlerinage de Lourdes

<blockquote class="wp-embedded-content" data-secret="inFgFbQzAA"><a href="https://www.lourdes-france.com/pt-br/jovens-em-lourdes/">Jovens em Lourdes</a></blockquote><iframe sandbox="allow-scripts" security="restricted" src="https://www.lourdes-france.com/pt-br/jovens-em-lourdes/embed/#?secret=inFgFbQzAA" width="600" height="338" title="&#8220;Jovens em Lourdes&#8221; &#8212; Vivre le pèlerinage de Lourdes" data-secret="inFgFbQzAA" frameborder="0" marginwidth="0" marginheight="0" scrolling="no" class="wp-embedded-content"></iframe><script type="text/javascript">
/* <![CDATA[ */
/*! This file is auto-generated */
!function(d,l){"use strict";l.querySelector&&d.addEventListener&&"undefined"!=typeof URL&&(d.wp=d.wp||{},d.wp.receiveEmbedMessage||(d.wp.receiveEmbedMessage=function(e){var t=e.data;if((t||t.secret||t.message||t.value)&&!/[^a-zA-Z0-9]/.test(t.secret)){for(var s,r,n,a=l.querySelectorAll('iframe[data-secret="'+t.secret+'"]'),o=l.querySelectorAll('blockquote[data-secret="'+t.secret+'"]'),c=new RegExp("^https?:$","i"),i=0;i<o.length;i++)o[i].style.display="none";for(i=0;i<a.length;i++)s=a[i],e.source===s.contentWindow&&(s.removeAttribute("style"),"height"===t.message?(1e3<(r=parseInt(t.value,10))?r=1e3:~~r<200&&(r=200),s.height=r):"link"===t.message&&(r=new URL(s.getAttribute("src")),n=new URL(t.value),c.test(n.protocol))&&n.host===r.host&&l.activeElement===s&&(d.top.location.href=t.value))}},d.addEventListener("message",d.wp.receiveEmbedMessage,!1),l.addEventListener("DOMContentLoaded",function(){for(var e,t,s=l.querySelectorAll("iframe.wp-embedded-content"),r=0;r<s.length;r++)(t=(e=s[r]).getAttribute("data-secret"))||(t=Math.random().toString(36).substring(2,12),e.src+="#?secret="+t,e.setAttribute("data-secret",t)),e.contentWindow.postMessage({message:"ready",secret:t},"*")},!1)))}(window,document);
/* ]]> */
</script>

Jeunes à Lourdes « Boulet aoue la gracia de bié aci penden quinze dias ? »« Voulez vous avoir la grâce de venir ici pendant quinze jours ? La pastorale des jeunes est ravie de vous accueillir… et l’équipe est prête à vous accompagner dans &hellip; Conteúdo
